rue
Is 194289913 a composite number?
False
Is 2146717 a prime number?
False
Is 5183279 a composite number?
False
Is 244800813 prime?
False
Is 969739601 a composite number?
False
Is 23195947 composite?
False
Is 477149 a prime number?
True
Is 3540027 a composite number?
True
Is 50875739 a composite number?
False
Is 100561271 a composite number?
False
Is 989609 composite?
True
Is 42839183 a prime number?
True
Is 4658011 composite?
True
Is 352181 composite?
False
Is 27057923 a composite number?
False
Is 466371806 a prime number?
False
Is 3875401 composite?
False
Is 14297971 composite?
True
Is 2673419 composite?
True
Is 8111899 prime?
False
Is 119266111 a prime number?
False
Is 22671091 a prime number?
True
Is 3253187 composite?
True
Is 23159067 composite?
True
Is 635472715 a prime number?
False
Is 46690741 prime?
False
Is 1200673 a prime number?
True
Is 7875181 a prime number?
True
Is 68536267 composite?
False
Is 41768689 a prime number?
True
Is 272959 prime?
True
Is 155482849 composite?
False
Is 13796977 a prime number?
True
Is 110392361 prime?
True
Is 7951847 composite?
False
Is 829057 prime?
True
Is 42796447 a composite number?
False
Is 6190061 prime?
True
Is 283079 composite?
False
Is 122881123 composite?
False
Is 135832613 prime?
False
Is 169358551 a composite number?
False
Is 1226531 a composite number?
False
Is 86634055 a prime number?
False
Is 3308609 a prime number?
True
Is 193253 prime?
False
Is 3391769 a composite number?
False
Is 38543363 a composite number?
False
Is 60862409 a prime number?
False
Is 110672761 prime?
True
Is 1047297 composite?
True
Is 2020531 composite?
True
Is 117184017 composite?
True
Is 48073301 composite?
False
Is 7799111 a prime number?
True
Is 33323149 composite?
True
Is 24267827 composite?
False
Is 6964771 prime?
False
Is 592531793 composite?
True
Is 512597 a prime number?
True
Is 170851 a composite number?
False
Is 5118767 composite?
False
Is 9134893 a composite number?
True
Is 24955813 composite?
True
Is 40007829 a composite number?
True
Is 51315287 a prime number?
False
Is 5493097 a prime number?
True
Is 1341497021 prime?
True
Is 827299 a composite number?
True
Is 1009013989 composite?
False
Is 216164389 prime?
False
Is 5035079 a prime number?
False
Is 277079 a prime number?
False
Is 48957 composite?
True
Is 5649401 prime?
True
Is 106615059 a composite number?
True
Is 27193031 a prime number?
True
Is 6054053 a composite number?
True
Is 135426929 a composite number?
True
Is 576907 prime?
False
Is 850094363 composite?
False
Is 4080983 a composite number?
False
Is 6855767 prime?
False
Is 344867 a prime number?
False
Is 12894169 a composite number?
False
Is 321253085 a composite number?
True
Is 7582277 prime?
True
Is 173758427 prime?
False
Is 636017717 composite?
False
Is 678301 a prime number?
False
Is 2440733 a composite number?
False
Is 33222967 prime?
False
Is 3124361 a prime number?
True
Is 3888691 composite?
True
Is 9652103 prime?
True
Is 97998083 a prime number?
True
Is 12830627 prime?
False
Is 24611183 prime?
True
Is 381552923 a prime number?
True
Is 1305835 a prime number?
False
Is 32716409 a prime number?
False
Is 814754 a prime number?
False
Is 1233371 a prime number?
True
Is 74835833 a prime number?
True
Is 86621173 a composite number?
True
Is 14362457 prime?
True
Is 10023443 composite?
False
Is 97119983 prime?
True
Is 55655309 prime?
True
Is 21516601 a prime number?
False
Is 221033 prime?
False
Is 138683089 a prime number?
True
Is 78831913 composite?
False
Is 831331117 composite?
False
Is 246489 prime?
False
Is 385391 composite?
False
Is 2805233 a composite number?
False
Is 212868109 composite?
False
Is 73986491 a prime number?
False
Is 99812497 composite?
False
Is 3558221 a composite number?
False
Is 393764687 composite?
False
Is 88481 composite?
True
Is 2098022 a prime number?
False
Is 25369 composite?
True
Is 2461801 prime?
True
Is 120333131 a prime number?
False
Is 6099977 composite?
True
Is 21579521 a composite number?
True
Is 85608923 composite?
True
Is 732359 a composite number?
True
Is 14526959 prime?
False
Is 141676991 a composite number?
False
Is 16214119 composite?
False
Is 4210517 a composite number?
True
Is 4504418 a composite number?
True
Is 5428607 prime?
True
Is 180729869 a prime number?
True
Is 378413 composite?
True
Is 2415859 a prime number?
True
Is 11465689 composite?
False
Is 67902193 composite?
False
Is 389605273 prime?
True
Is 75309461 composite?
True
Is 67383451 a prime number?
False
Is 89070593 a prime number?
False
Is 32757743 composite?
True
Is 3051781 a prime number?
False
Is 3997651 a composite number?
True
Is 847657 a prime number?
True
Is 14785027 prime?
True
Is 100542197 a prime number?
False
Is 2430083 a prime number?
False
Is 18854963 composite?
True
Is 8103469 a prime number?
False
Is 2377927 a composite number?
False
Is 17219 prime?
False
Is 77882359 a composite number?
False
Is 58271 prime?
True
Is 317822893 a composite number?
True
Is 20373571 a composite number?
True
Is 1567409 prime?
True
Is 8305617 a composite number?
True
Is 31779253 a composite number?
True
Is 4167001 composite?
True
Is 124728127 composite?
False
Is 223960853 prime?
False
Is 103667777 prime?
True
Is 330364147 prime?
True
Is 7800671 a composite number?
True
Is 44614247 a prime number?
True
Is 42597769 prime?
False
Is 881430911 prime?
True
Is 327284029 composite?
False
Is 1175509 a prime number?
True
Is 1401493793 a prime number?
False
Is 822971 composite?
False
Is 2627117 a composite number?
False
Is 171536369 prime?
False
Is 13495499 composite?
False
Is 26293529 a composite number?
True
Is 14393381 prime?
True
Is 1876211 a prime number?
True
Is 11163287 composite?
True
Is 7484801 a prime number?
True
Is 4886069 a composite number?
False
Is 117112057 a composite number?
False
Is 13172151 a prime number?
False
Is 58181339 composite?
True
Is 49231955 composite?
True
Is 68494793 prime?
False
Is 1237967 prime?
True
Is 1530733 a composite number?
True
Is 14598553 a composite number?
True
Is 1323422733 a prime number?
False
Is 113397607 prime?
False
Is 587159 a composite number?
True
Is 137438369 composite?
False
Is 300389961 prime?
False
Is 1097227 a prime number?
False
Is 197034437 a prime number?
False
Is 4617407 a composite number?
True
Is 5403061 a composite number?
False
Is 35911495 a composite number?
True
Is 312257 composite?
True
Is 574985 prime?
False
Is 42944149 a composite number?
False
Is 5890393 a composite number?
True
Is 195339701 composite?
False
Is 60867449 a composite number?
False
Is 240487339 a composite number?
True
Is 143856751 a prime number?
False
Is 1819679 a prime number?
True
Is 58475374 a prime number?
False
Is 1496039 a prime number?
True
Is 67132283 a composite number?
True
Is 5937263 a composite number?
False
Is 1078331 composite?
False
Is 1029103 prime?
True
Is 41879389 a prime number?
False
Is 13838267 a composite number?
False
Is 29619049 composite?
True
Is 4717063 prime?
False
Is 49820201 prime?
True
Is 9051563 a prime number?
True
Is 241701163 a composite number?
True
Is 41290507 composite?
True
Is 4807393 prime?
True
Is 6532073 prime?
True
Is 14738 a prime number?
False
Is 20020093 prime?
True
Is 4645963 composite?
True
Is 74371997 a composite number?
True
Is 84127786 composite?
True
Is 117989 composite?
False
Is 21462227 a prime number?
True
Is 39301051 a composite number?
False
Is 70246307 a prime number?
True
Is 98927435 composite?
True
Is 12045115 prime?
False
Is 58424741 composite?
True
Is 142682537 composite?
False
Is 684671 composite?
True
Is 68282 a composite number?
True
Is 4148942197 prime?
True
Is 78921329 a composite number?
False
Is 4314247 a prime number?
False
Is 2334091 a prime number?
True
Is 47800057 a prime number?
True
Is 24468617 a prime number?
False
Is 7675403 composite?
True
Is 797405419 composite?
True
Is 3209543 a prime number?
True
Is 49500557 a prime number?
False
Is 461229946 a composite number?
True
Is 201009013 composite?
True
Is 456255431 a composite number?
False
Is 11547899 a prime number?
False
Is 5716553 prime?
True
Is 26093077 prime?
True
Is 8128033 composite?
True
Is 16512109 a prime number?
True
Is 3425803 a composite number?
False
Is 90692347 prime?
False
Is 771671 composite?
True
Is 984539 prime?
True
Is 6130373 a p